{"id":2272,"date":"2022-06-13T13:14:23","date_gmt":"2022-06-13T11:14:23","guid":{"rendered":"https:\/\/uasconferences.com\/2023_icuas\/?page_id=2272"},"modified":"2022-09-02T20:39:19","modified_gmt":"2022-09-02T18:39:19","slug":"conference-commitee","status":"publish","type":"page","link":"https:\/\/uasconferences.com\/2023_icuas\/conference-commitee\/","title":{"rendered":"Conference chairs"},"content":{"rendered":"\n<h2 class=\"wp-block-heading\">Honorary Chairs<\/h2>\n\n\n\n<ul><li>Anibal Ollero, University of Seville, Spain<\/li><li>Youmin Zhang, Concordia University, Canada<\/li><\/ul>\n\n\n\n<h2 class=\"wp-block-heading\">General Chairs<\/h2>\n\n\n\n<ul><li>Anna Konert, Lazarski University, Poland<\/li><li>YangQuan Chen, University of California Merced, USA<\/li><li>Andrea Monteri\u00f9, Universit\u00e0 Politecnica delle Marche, Italy<\/li><\/ul>\n\n\n\n<h2 class=\"wp-block-heading\">Program Chairs<\/h2>\n\n\n\n<ul><li>George Nikolakopoulos, Lule\u00e5 Univ. of Technology, Sweden<\/li><li>Benjamyn Scott, Leiden University, The Netherlands<\/li><\/ul>\n\n\n\n<h2 class=\"wp-block-heading\">Program Vice-Chairs<\/h2>\n\n\n\n<ul><li>Nikos Vitzilaios, University of South Carolina, USA<\/li><li>Xiang Yu, Beihang University (BUAA), China<\/li><\/ul>\n\n\n\n<h2 class=\"wp-block-heading\">Invited Sessions Chairs<\/h2>\n\n\n\n<ul><li>Alexandre Santos Brand\u00e3o, Federal University of Vi\u00e7osa, Brasil<\/li><li>Pedro Castillo-Garcia, University of Technology of Compi\u00e8gne, France<\/li><\/ul>\n\n\n\n<h2 class=\"wp-block-heading\">Tutorial and Workshop Chairs<\/h2>\n\n\n\n<ul><li>Kerstin Haring, University of Denver, USA<\/li><li>Wojciech Giernacki, Poznan University of Technology, Poland<\/li><\/ul>\n\n\n\n<h2 class=\"wp-block-heading\">UAV Competition<\/h2>\n\n\n\n<ul><li>Mateusz Kotlinski, International Civil Aviation Organization, Warsaw, Poland<\/li><li>Frano Petric, University of Zagreb, Croatia<\/li><\/ul>\n\n\n\n<h2 class=\"wp-block-heading\">Local Arrangement and Registration Chair <\/h2>\n\n\n\n<p>Ewelina Ksi\u0105\u017cek-Janik, Lazarski University, Poland<\/p>\n\n\n\n<h2 class=\"wp-block-heading\">Web and Publicity Chair <\/h2>\n\n\n\n<p>Maja Matijasevic, University of Zagreb, Croatia<\/p>\n\n\n\n<h2 class=\"wp-block-heading\">Publication Chair<\/h2>\n\n\n\n<p>George Fourlas, University of Thessaly, Greece<\/p>\n\n\n\n<h2 class=\"wp-block-heading\">Electronic Services Coordinator<\/h2>\n\n\n\n<p>Pradeep Misra, Wright State University, USA<\/p>\n","protected":false},"excerpt":{"rendered":"<p>Honorary Chairs Anibal Ollero, University of Seville, Spain Youmin Zhang, Concordia University, Canada General Chairs Anna Konert, Lazarski University, Poland YangQuan Chen, University of California Merced, USA Andrea Monteri\u00f9, Universit\u00e0 Politecnica delle Marche, Italy Program Chairs George Nikolakopoulos, Lule\u00e5 Univ. of Technology, Sweden Benjamyn Scott, Leiden University, The Netherlands Program Vice-Chairs Nikos Vitzilaios, University of&hellip;<\/p>\n","protected":false},"author":1,"featured_media":0,"parent":0,"menu_order":0,"comment_status":"closed","ping_status":"closed","template":"","meta":[],"_links":{"self":[{"href":"https:\/\/uasconferences.com\/2023_icuas\/wp-json\/wp\/v2\/pages\/2272"}],"collection":[{"href":"https:\/\/uasconferences.com\/2023_icuas\/wp-json\/wp\/v2\/pages"}],"about":[{"href":"https:\/\/uasconferences.com\/2023_icuas\/wp-json\/wp\/v2\/types\/page"}],"author":[{"embeddable":true,"href":"https:\/\/uasconferences.com\/2023_icuas\/wp-json\/wp\/v2\/users\/1"}],"replies":[{"embeddable":true,"href":"https:\/\/uasconferences.com\/2023_icuas\/wp-json\/wp\/v2\/comments?post=2272"}],"version-history":[{"count":11,"href":"https:\/\/uasconferences.com\/2023_icuas\/wp-json\/wp\/v2\/pages\/2272\/revisions"}],"predecessor-version":[{"id":2658,"href":"https:\/\/uasconferences.com\/2023_icuas\/wp-json\/wp\/v2\/pages\/2272\/revisions\/2658"}],"wp:attachment":[{"href":"https:\/\/uasconferences.com\/2023_icuas\/wp-json\/wp\/v2\/media?parent=2272"}],"curies":[{"name":"wp","href":"https:\/\/api.w.org\/{rel}","templated":true}]}}